[INFO] fetching crate windows-win 2.4.0...
[INFO] building windows-win-2.4.0 against master#881c1ac408d93bb7adaa3a51dabab9266e82eee8 for issue-85264
[INFO] extracting crate windows-win 2.4.0 into /workspace/builds/worker-2/source
[INFO] validating manifest of crates.io crate windows-win 2.4.0 on toolchain 881c1ac408d93bb7adaa3a51dabab9266e82eee8
[INFO] running `Command { std: "/workspace/cargo-home/bin/cargo" "+881c1ac408d93bb7adaa3a51dabab9266e82eee8" "metadata" "--manifest-path" "Cargo.toml" "--no-deps", kill_on_drop: false }`
[INFO] started tweaking crates.io crate windows-win 2.4.0
[INFO] finished tweaking crates.io crate windows-win 2.4.0
[INFO] tweaked toml for crates.io crate windows-win 2.4.0 written to /workspace/builds/worker-2/source/Cargo.toml
[INFO] running `Command { std: "/workspace/cargo-home/bin/cargo" "+881c1ac408d93bb7adaa3a51dabab9266e82eee8" "generate-lockfile" "--manifest-path" "Cargo.toml" "-Zno-index-update", kill_on_drop: false }`
[INFO] running `Command { std: "/workspace/cargo-home/bin/cargo" "+881c1ac408d93bb7adaa3a51dabab9266e82eee8" "fetch" "--manifest-path" "Cargo.toml", kill_on_drop: false }`
[INFO] running `Command { std: "docker" "create" "-v" "/var/lib/crater-agent-workspace/builds/worker-2/target:/opt/rustwide/target:rw,Z" "-v" "/var/lib/crater-agent-workspace/builds/worker-2/source:/opt/rustwide/workdir:ro,Z" "-v" "/var/lib/crater-agent-workspace/cargo-home:/opt/rustwide/cargo-home:ro,Z" "-v" "/var/lib/crater-agent-workspace/rustup-home:/opt/rustwide/rustup-home:ro,Z" "-e" "SOURCE_DIR=/opt/rustwide/workdir" "-e" "CARGO_TARGET_DIR=/opt/rustwide/target" "-e" "CARGO_HOME=/opt/rustwide/cargo-home" "-e" "RUSTUP_HOME=/opt/rustwide/rustup-home" "-w" "/opt/rustwide/workdir" "-m" "1610612736" "--user" "0:0" "--network" "none" "ghcr.io/rust-lang/crates-build-env/linux@sha256:20528e8c29e4536546f0102ce88568b16ea7538393a33fcca951030f7af10457" "/opt/rustwide/cargo-home/bin/cargo" "+881c1ac408d93bb7adaa3a51dabab9266e82eee8" "metadata" "--no-deps" "--format-version=1", kill_on_drop: false }`
[INFO] [stderr] WARNING: Your kernel does not support swap limit capabilities or the cgroup is not mounted. Memory limited without swap.
[INFO] [stdout] 0e8ff902c849b6542c645c9ac7783360548709d985b753bf2f5aa5246cc02e71
[INFO] running `Command { std: "docker" "start" "-a" "0e8ff902c849b6542c645c9ac7783360548709d985b753bf2f5aa5246cc02e71", kill_on_drop: false }`
[INFO] running `Command { std: "docker" "inspect" "0e8ff902c849b6542c645c9ac7783360548709d985b753bf2f5aa5246cc02e71", kill_on_drop: false }`
[INFO] running `Command { std: "docker" "rm" "-f" "0e8ff902c849b6542c645c9ac7783360548709d985b753bf2f5aa5246cc02e71", kill_on_drop: false }`
[INFO] [stdout] 0e8ff902c849b6542c645c9ac7783360548709d985b753bf2f5aa5246cc02e71
[INFO] running `Command { std: "docker" "create" "-v" "/var/lib/crater-agent-workspace/builds/worker-2/target:/opt/rustwide/target:rw,Z" "-v" "/var/lib/crater-agent-workspace/builds/worker-2/source:/opt/rustwide/workdir:ro,Z" "-v" "/var/lib/crater-agent-workspace/cargo-home:/opt/rustwide/cargo-home:ro,Z" "-v" "/var/lib/crater-agent-workspace/rustup-home:/opt/rustwide/rustup-home:ro,Z" "-e" "SOURCE_DIR=/opt/rustwide/workdir" "-e" "CARGO_TARGET_DIR=/opt/rustwide/target" "-e" "CARGO_INCREMENTAL=0" "-e" "RUST_BACKTRACE=full" "-e" "RUSTFLAGS=--cap-lints=forbid" "-e" "CARGO_HOME=/opt/rustwide/cargo-home" "-e" "RUSTUP_HOME=/opt/rustwide/rustup-home" "-w" "/opt/rustwide/workdir" "-m" "1610612736" "--user" "0:0" "--network" "none" "ghcr.io/rust-lang/crates-build-env/linux@sha256:20528e8c29e4536546f0102ce88568b16ea7538393a33fcca951030f7af10457" "/opt/rustwide/cargo-home/bin/cargo" "+881c1ac408d93bb7adaa3a51dabab9266e82eee8" "build" "--frozen" "--message-format=json", kill_on_drop: false }`
[INFO] [stdout] 31a3db176ef4f869fbb06e8813175a8574d140e2c64c2d2d7424d21bf837b203
[INFO] [stderr] WARNING: Your kernel does not support swap limit capabilities or the cgroup is not mounted. Memory limited without swap.
[INFO] running `Command { std: "docker" "start" "-a" "31a3db176ef4f869fbb06e8813175a8574d140e2c64c2d2d7424d21bf837b203", kill_on_drop: false }`
[INFO] [stderr]    Compiling windows-win v2.4.0 (/opt/rustwide/workdir)
[INFO] [stderr]     Finished dev [unoptimized + debuginfo] target(s) in 0.31s
[INFO] running `Command { std: "docker" "inspect" "31a3db176ef4f869fbb06e8813175a8574d140e2c64c2d2d7424d21bf837b203", kill_on_drop: false }`
[INFO] running `Command { std: "docker" "rm" "-f" "31a3db176ef4f869fbb06e8813175a8574d140e2c64c2d2d7424d21bf837b203", kill_on_drop: false }`
[INFO] [stdout] 31a3db176ef4f869fbb06e8813175a8574d140e2c64c2d2d7424d21bf837b203
[INFO] running `Command { std: "docker" "create" "-v" "/var/lib/crater-agent-workspace/builds/worker-2/target:/opt/rustwide/target:rw,Z" "-v" "/var/lib/crater-agent-workspace/builds/worker-2/source:/opt/rustwide/workdir:ro,Z" "-v" "/var/lib/crater-agent-workspace/cargo-home:/opt/rustwide/cargo-home:ro,Z" "-v" "/var/lib/crater-agent-workspace/rustup-home:/opt/rustwide/rustup-home:ro,Z" "-e" "SOURCE_DIR=/opt/rustwide/workdir" "-e" "CARGO_TARGET_DIR=/opt/rustwide/target" "-e" "CARGO_INCREMENTAL=0" "-e" "RUST_BACKTRACE=full" "-e" "RUSTFLAGS=--cap-lints=forbid" "-e" "CARGO_HOME=/opt/rustwide/cargo-home" "-e" "RUSTUP_HOME=/opt/rustwide/rustup-home" "-w" "/opt/rustwide/workdir" "-m" "1610612736" "--user" "0:0" "--network" "none" "ghcr.io/rust-lang/crates-build-env/linux@sha256:20528e8c29e4536546f0102ce88568b16ea7538393a33fcca951030f7af10457" "/opt/rustwide/cargo-home/bin/cargo" "+881c1ac408d93bb7adaa3a51dabab9266e82eee8" "test" "--frozen" "--no-run" "--message-format=json", kill_on_drop: false }`
[INFO] [stdout] b8aaa9840b7a22273784c6aa165c0eafd7cbba002f8ff659c9965ac8347d4bdb
[INFO] [stderr] WARNING: Your kernel does not support swap limit capabilities or the cgroup is not mounted. Memory limited without swap.
[INFO] running `Command { std: "docker" "start" "-a" "b8aaa9840b7a22273784c6aa165c0eafd7cbba002f8ff659c9965ac8347d4bdb", kill_on_drop: false }`
[INFO] [stderr]    Compiling windows-win v2.4.0 (/opt/rustwide/workdir)
[INFO] [stdout] error[E0432]: unresolved import `windows_win::raw`
[INFO] [stdout]  --> tests/module.rs:5:5
[INFO] [stdout]   |
[INFO] [stdout] 5 |     raw
[INFO] [stdout]   |     ^^^ no `raw` in the root
[INFO] [stdout] 
[INFO] [stdout] 
[INFO] [stdout] error[E0463]: can't find crate for `winapi`
[INFO] [stdout]  --> tests/timer.rs:2:1
[INFO] [stdout]   |
[INFO] [stdout] 2 | extern crate winapi;
[INFO] [stdout]   | ^^^^^^^^^^^^^^^^^^^^ can't find crate
[INFO] [stdout] 
[INFO] [stdout] 
[INFO] [stdout] error: cannot find macro `module_to_addr` in this scope
[INFO] [stdout]   --> tests/module.rs:12:46
[INFO] [stdout]    |
[INFO] [stdout] 12 |     let result = get_module_handle_from_addr(module_to_addr!(get_module_handle));
[INFO] [stdout]    |                                              ^^^^^^^^^^^^^^
[INFO] [stdout] 
[INFO] [stdout] 
[INFO] [stdout] error[E0425]: cannot find function `get_module_handle_from_addr` in this scope
[INFO] [stdout]   --> tests/module.rs:12:18
[INFO] [stdout]    |
[INFO] [stdout] 12 |     let result = get_module_handle_from_addr(module_to_addr!(get_module_handle));
[INFO] [stdout]    |                  ^^^^^^^^^^^^^^^^^^^^^^^^^^^ not found in this scope
[INFO] [stdout] 
[INFO] [stdout] 
[INFO] [stdout] error[E0425]: cannot find function `get_module_name` in this scope
[INFO] [stdout]   --> tests/module.rs:16:18
[INFO] [stdout]    |
[INFO] [stdout] 16 |     let result = get_module_name(result.unwrap());
[INFO] [stdout]    |                  ^^^^^^^^^^^^^^^ not found in this scope
[INFO] [stdout] 
[INFO] [stdout] 
[INFO] [stdout] warning: unused `#[macro_use]` import
[INFO] [stdout]  --> tests/module.rs:1:1
[INFO] [stdout]   |
[INFO] [stdout] 1 | #[macro_use]
[INFO] [stdout]   | ^^^^^^^^^^^^
[INFO] [stdout]   |
[INFO] [stdout]   = note: `#[warn(unused_imports)]` on by default
[INFO] [stdout] 
[INFO] [stdout] 
[INFO] [stdout] error[E0432]: unresolved import `windows_win::raw`
[INFO] [stdout]  --> tests/search.rs:4:5
[INFO] [stdout]   |
[INFO] [stdout] 4 |     raw
[INFO] [stdout]   |     ^^^ no `raw` in the root
[INFO] [stdout] 
[INFO] [stdout] 
[INFO] [stdout] error[E0432]: unresolved import `windows_win::raw`
[INFO] [stdout]  --> tests/memory.rs:6:5
[INFO] [stdout]   |
[INFO] [stdout] 6 |     raw
[INFO] [stdout]   |     ^^^ no `raw` in the root
[INFO] [stdout] 
[INFO] [stdout] 
[INFO] [stdout] error[E0463]: can't find crate for `clipboard_win`
[INFO] [stdout]  --> tests/windows.rs:2:1
[INFO] [stdout]   |
[INFO] [stdout] 2 | extern crate clipboard_win;
[INFO] [stdout]   | ^^^^^^^^^^^^^^^^^^^^^^^^^^^ can't find crate
[INFO] [stdout] 
[INFO] [stdout] 
[INFO] [stdout] error: aborting due to previous error
[INFO] [stdout] 
[INFO] [stdout] 
[INFO] [stdout] error: aborting due to previous error
[INFO] [stdout] 
[INFO] [stdout] 
[INFO] [stdout] For more information about this error, try `rustc --explain E0463`.
[INFO] [stdout] 
[INFO] [stdout] For more information about this error, try `rustc --explain E0463`.
[INFO] [stdout] 
[INFO] [stdout] error: aborting due to 4 previous errors; 1 warning emitted
[INFO] [stdout] 
[INFO] [stdout] 
[INFO] [stdout] Some errors have detailed explanations: E0425, E0432.
[INFO] [stdout] 
[INFO] [stdout] For more information about an error, try `rustc --explain E0425`.
[INFO] [stdout] 
[INFO] [stderr] error: could not compile `windows-win`
[INFO] [stderr] 
[INFO] [stderr] To learn more, run the command again with --verbose.
[INFO] [stderr] warning: build failed, waiting for other jobs to finish...
[INFO] [stdout] error[E0425]: cannot find function `virtual_query_ex` in this scope
[INFO] [stdout]   --> tests/memory.rs:14:18
[INFO] [stdout]    |
[INFO] [stdout] 14 |     let result = virtual_query_ex(handle, ptr::null());
[INFO] [stdout]    |                  ^^^^^^^^^^^^^^^^ not found in this scope
[INFO] [stdout] 
[INFO] [stdout] 
[INFO] [stdout] error[E0433]: failed to resolve: use of undeclared type `Search`
[INFO] [stdout]   --> tests/search.rs:11:18
[INFO] [stdout]    |
[INFO] [stdout] 11 |     let result = Search::new("non-existing.rs", FileInfoLevel::default(), FileSearchType::default(), 0);
[INFO] [stdout]    |                  ^^^^^^ use of undeclared type `Search`
[INFO] [stdout] 
[INFO] [stdout] 
[INFO] [stdout] error[E0433]: failed to resolve: use of undeclared type `FileInfoLevel`
[INFO] [stdout]   --> tests/search.rs:11:49
[INFO] [stdout]    |
[INFO] [stdout] 11 |     let result = Search::new("non-existing.rs", FileInfoLevel::default(), FileSearchType::default(), 0);
[INFO] [stdout]    |                                                 ^^^^^^^^^^^^^ use of undeclared type `FileInfoLevel`
[INFO] [stdout] 
[INFO] [stdout] 
[INFO] [stdout] error[E0433]: failed to resolve: use of undeclared type `FileSearchType`
[INFO] [stdout]   --> tests/search.rs:11:75
[INFO] [stdout]    |
[INFO] [stdout] 11 |     let result = Search::new("non-existing.rs", FileInfoLevel::default(), FileSearchType::default(), 0);
[INFO] [stdout]    |                                                                           ^^^^^^^^^^^^^^ use of undeclared type `FileSearchType`
[INFO] [stdout] 
[INFO] [stdout] 
[INFO] [stdout] error[E0433]: failed to resolve: use of undeclared type `Search`
[INFO] [stdout]   --> tests/search.rs:19:18
[INFO] [stdout]    |
[INFO] [stdout] 19 |     let result = Search::new(file_name, FileInfoLevel::default(), FileSearchType::default(), 0);
[INFO] [stdout]    |                  ^^^^^^ use of undeclared type `Search`
[INFO] [stdout] 
[INFO] [stdout] 
[INFO] [stdout] error[E0433]: failed to resolve: use of undeclared type `FileInfoLevel`
[INFO] [stdout]   --> tests/search.rs:19:41
[INFO] [stdout]    |
[INFO] [stdout] 19 |     let result = Search::new(file_name, FileInfoLevel::default(), FileSearchType::default(), 0);
[INFO] [stdout]    |                                         ^^^^^^^^^^^^^ use of undeclared type `FileInfoLevel`
[INFO] [stdout] 
[INFO] [stdout] 
[INFO] [stdout] error[E0433]: failed to resolve: use of undeclared type `FileSearchType`
[INFO] [stdout]   --> tests/search.rs:19:67
[INFO] [stdout]    |
[INFO] [stdout] 19 |     let result = Search::new(file_name, FileInfoLevel::default(), FileSearchType::default(), 0);
[INFO] [stdout]    |                                                                   ^^^^^^^^^^^^^^ use of undeclared type `FileSearchType`
[INFO] [stdout] 
[INFO] [stdout] 
[INFO] [stdout] error: aborting due to 2 previous errors
[INFO] [stdout] 
[INFO] [stdout] 
[INFO] [stdout] Some errors have detailed explanations: E0425, E0432.
[INFO] [stdout] 
[INFO] [stdout] For more information about an error, try `rustc --explain E0425`.
[INFO] [stdout] 
[INFO] [stdout] error[E0433]: failed to resolve: use of undeclared type `Search`
[INFO] [stdout]   --> tests/search.rs:35:18
[INFO] [stdout]    |
[INFO] [stdout] 35 |     let result = Search::new(&path, FileInfoLevel::default(), FileSearchType::default(), 0);
[INFO] [stdout]    |                  ^^^^^^ use of undeclared type `Search`
[INFO] [stdout] 
[INFO] [stdout] 
[INFO] [stdout] error[E0433]: failed to resolve: use of undeclared type `FileInfoLevel`
[INFO] [stdout]   --> tests/search.rs:35:37
[INFO] [stdout]    |
[INFO] [stdout] 35 |     let result = Search::new(&path, FileInfoLevel::default(), FileSearchType::default(), 0);
[INFO] [stdout]    |                                     ^^^^^^^^^^^^^ use of undeclared type `FileInfoLevel`
[INFO] [stdout] 
[INFO] [stdout] 
[INFO] [stdout] error[E0433]: failed to resolve: use of undeclared type `FileSearchType`
[INFO] [stdout]   --> tests/search.rs:35:63
[INFO] [stdout]    |
[INFO] [stdout] 35 |     let result = Search::new(&path, FileInfoLevel::default(), FileSearchType::default(), 0);
[INFO] [stdout]    |                                                               ^^^^^^^^^^^^^^ use of undeclared type `FileSearchType`
[INFO] [stdout] 
[INFO] [stdout] 
[INFO] [stdout] error: aborting due to 10 previous errors
[INFO] [stdout] 
[INFO] [stdout] 
[INFO] [stdout] Some errors have detailed explanations: E0432, E0433.
[INFO] [stdout] 
[INFO] [stdout] For more information about an error, try `rustc --explain E0432`.
[INFO] [stdout] 
[INFO] [stderr] error: build failed
[INFO] running `Command { std: "docker" "inspect" "b8aaa9840b7a22273784c6aa165c0eafd7cbba002f8ff659c9965ac8347d4bdb", kill_on_drop: false }`
[INFO] running `Command { std: "docker" "rm" "-f" "b8aaa9840b7a22273784c6aa165c0eafd7cbba002f8ff659c9965ac8347d4bdb", kill_on_drop: false }`
[INFO] [stdout] b8aaa9840b7a22273784c6aa165c0eafd7cbba002f8ff659c9965ac8347d4bdb
